
2
Let w = 211 + -139. Calculate the greatest common divisor of 48 and w.
24
Suppose -3*t + t = -4*h - 32, h = 3*t - 68. Calculate the highest common factor of t and 6.
6
Let u be (-2)/(-8) + (-690)/8. Let z be (-1)/(-4) - u/8. Let c = 1 - -10. Calculate the greatest common factor of c and z.
11
Let v = 15 + -10. Let p = 15 - v. What is the greatest common divisor of 30 and p?
10
Let y = -190 + 294. Calculate the highest common divisor of y and 13.
13
Suppose -4*b + 2*h + 2 = 0, 4*b + 0*h = 3*h - 1. Suppose -6*z + 76 = -b*z. What is the greatest common factor of z and 19?
19
Suppose 0 = 4*s + 16 + 20. Let a = 19 + s. Let y be -15*((-2)/(-3) - 1). What is the highest common divisor of y and a?
5
Let h = -38 - -77. Suppose 5*y = -h + 139. Calculate the greatest common divisor of y and 50.
10
Let r be 5/20 + 14/8. Let x be (7/1 - 2)*2. Calculate the greatest common factor of x and r.
2
Let w be ((-63)/(-84))/((-2)/(-96)). Let c(x) = -x**3 + 5*x**2 + 9*x - 9. Let r be c(6). What is the highest common divisor of w and r?
9
Let n(m) = 0*m + 0 + 3*m - 2*m + 11. Suppose 0 = -5*w - 25, -4*w = -3*j + 3 - 1. Let p be n(j). Calculate the greatest common divisor of 20 and p.
5
Suppose g - k = 3*k - 130, -2*g = 2*k + 280. Let b be g/(-7) + 2/7. Suppose -h = 4*r + 3, 3*r - 7 = -2*h - 3. Calculate the highest common divisor of b and h.
5
Let s(k) = k**2 - 25*k + 52. Let z be s(23). Let n(m) = -m**2 + 6*m - 2. Let q be n(5). What is the highest common factor of z and q?
3
Suppose -u + 4*u - 12 = 0. Calculate the highest common factor of 1 and u.
1
Suppose 0 = 3*x + 4*r - 94, -3*r + r - 148 = -5*x. Let w = -1 - 0. Let a be (w - -2)*(6 - 0). Calculate the highest common divisor of x and a.
6
Suppose 8 = 11*p - 3. Calculate the greatest common divisor of 4 and p.
1
Let x be 88/6 - (-2)/(-3). Suppose m = -m + 54. Let i = m - -15. Calculate the highest common divisor of x and i.
14
Suppose 3*v - 1 - 11 = 0. Let h = 7 - 5. Suppose 0 = h*c, 5*c + 16 = v*z + c. What is the highest common divisor of 8 and z?
4
Suppose -46 - 2 = -2*o. What is the greatest common divisor of 6 and o?
6
Suppose -4*w - c + 18 = c, -w + 3*c = 13. Let n(f) = -8 + 1 + 2*f**2 - f**2. Let i be n(5). Calculate the highest common factor of i and w.
2
Suppose -566 = -3*t - 107. What is the greatest common factor of t and 17?
17
Let q be 32 - 3 - (-3)/3. Let i = -18 + q. What is the highest common factor of 48 and i?
12
Suppose 0 = -2*d + 53 - 11. Suppose -j + 30 = -2*z, -2*j = -3*z - 7*j - 32. Let n = d + z. Calculate the highest common factor of n and 14.
7
Suppose -2*s - 3*h - 12 + 138 = 0, -6 = -3*h. What is the highest common divisor of s and 12?
12
Let i = -19 + 299. Let f(p) = -p + 7. Let t be f(4). Suppose -y + i = t*y. What is the greatest common factor of y and 10?
10
Let v = 1522 - 780. Suppose -i + 3*a = -6*i + 926, 4*i = -2*a + v. Calculate the highest common divisor of 17 and i.
17
Let f be (24/(-14))/((-2)/14). Calculate the greatest common factor of f and 12.
12
Suppose 4*p + 491 = 5*g, -4*g - 4*p = -0*p - 400. Calculate the highest common factor of g and 9.
9
Let v(p) be the third derivative of -17*p**4/24 - p**3 + 3*p**2. Let y be v(-6). Let n = -10 - -22. Calculate the greatest common divisor of n and y.
12
Suppose 0 = -3*k + 2*l - 4*l + 124, 0 = 4*k + 4*l - 172. Calculate the highest common divisor of 76 and k.
38
Suppose -2*b = 3*b. Suppose b = 2*x + 3 - 13. What is the highest common factor of x and 10?
5
Let i(g) = g**2 - 8*g + 10. Let v be i(7). Let z be 16/14 + 2/(-14). Calculate the highest common factor of z and v.
1
Suppose -2*w - 5*d + 20 = w, 5*d + 30 = 2*w. Calculate the highest common factor of 70 and w.
10
Suppose 3*h = 4*h - 121. Calculate the highest common divisor of h and 11.
11
Let p(x) be the third derivative of x**5/60 + x**4/12 - 2*x**3/3 - 3*x**2. Let h be p(-4). What is the highest common divisor of 12 and h?
4
Let v be (6/4)/(3/(-56)). Let m be (v/(-3))/(3/9). Calculate the highest common factor of m and 7.
7
Let y(m) = m**3 + 6*m**2 - m - 2. Let o be y(-6). What is the highest common factor of 1 and o?
1
Let a(j) = 3*j**2 + j. Let d(g) = g - 15. Let p be d(13). Let i be (-8)/12*3/p. Let h be a(i). What is the greatest common factor of h and 4?
4
Suppose 4*x = 10 - 2. Suppose 4*c - x*c = 18. Calculate the highest common factor of c and 63.
9
Suppose -4*l - 67 = -5*a, 1 = -a - 5*l - 3. Let s = 4 + a. Let x be ((-2)/4)/(1/(-6)). Calculate the highest common factor of s and x.
3
Suppose -33*i + 567 = -26*i. What is the highest common factor of 18 and i?
9
Let k be 176/8*(0 + 1). Calculate the greatest common divisor of k and 11.
11
Suppose j - v - 19 = 0, 2*j + v - 35 = 4*v. Let x = j + 32. Let w be (-5)/((-10)/12) + 0. What is the highest common factor of x and w?
6
Let j be (-20)/(-2)*24/20. Let l be ((-4)/3)/((-2)/j). Suppose -70 = 3*o - l*o + 3*u, 2*o = 5*u + 28. Calculate the highest common divisor of 154 and o.
14
Let k(l) = l + 1. Let d be k(5). Let i be (7 - 15)*(-1)/2. Suppose 36 = i*u - u. What is the highest common divisor of d and u?
6
Suppose 183 + 97 = 7*s. Suppose -2*p - 300 = -5*p + 3*r, 4*r - 500 = -5*p. Calculate the greatest common factor of s and p.
20
Let p be 8/24 - ((-161)/3 + 2). Calculate the greatest common factor of 78 and p.
26
Suppose i + 2*i = 72. Calculate the highest common factor of i and 216.
24
Let b = 566 + -116. Calculate the highest common factor of b and 50.
50
Let t(p) = -p**2 + 8*p - 6. Let y be t(7). Let a be 2/y - (5 + 38). Let x = -17 - a. What is the highest common divisor of 36 and x?
12
Let i(c) = 7*c - 2. Let p be i(5). Calculate the highest common factor of p and 11.
11
Let i = -86 + 273. Calculate the highest common divisor of i and 11.
11
Let v = 285 + -194. What is the greatest common divisor of v and 13?
13
Suppose -a + 38 + 17 = 0. Suppose w = 4*w + c - a, -2*c - 26 = -2*w. What is the highest common divisor of 119 and w?
17
Let g(y) = -y**2 + 8*y - 2. Let r be (-4)/2*3/(-2). Let z be g(r). Calculate the highest common factor of z and 91.
13
Let q be 56/9 - 4/18. Suppose -o + 5*i = 4 + 12, -5*i = 5*o - 40. Let w be o/22 + 724/11. Calculate the highest common divisor of q and w.
6
Suppose 20 = 3*v - 133. Let m be 0 + v/3 - 2. What is the highest common divisor of m and 15?
15
Let f(u) = 5*u + 5. Let r(s) = -5*s - 5. Let o(k) = 3*f(k) + 4*r(k). Let w be o(-14). Calculate the greatest common divisor of 13 and w.
13
Let q = 9 - 7. Let w = 4 - 2. Suppose -w = -5*c + 8. What is the highest common divisor of c and q?
2
Let p be (-1 + -2)/((-5)/10). Let k be (-1 + 4)*4/p. Suppose -k*q + 770 = 5*z, -z = -q + 5*q - 172. What is the greatest common factor of z and 19?
19
Suppose t - 3*t + 88 = 0. Let p be (9 - -1) + 8 + -7. What is the greatest common divisor of p and t?
11
Suppose i = -3*r + 2*i + 560, -r = -4*i - 194. Suppose 2*o - 90 = 2*d, 2*d + r = -o + 5*o. What is the greatest common factor of 12 and o?
12
Let t(w) = -w**2 + 8. Let i be t(7). Let v = 77 + i. What is the greatest common factor of 9 and v?
9
Suppose -3*j - 121 + 31 = 0. Let w = -19 - j. Suppose 4*r = r + 330. What is the greatest common divisor of w and r?
11
Let r be ((-484)/(-66))/((-1)/(-60)). What is the greatest common factor of r and 40?
40
Let r = -9 - -11. Suppose -r*y = -41 - 3. What is the greatest common factor of 55 and y?
11
Let g(k) be the second derivative of -27*k**3 + 2*k. Let f be g(-2). Suppose -f = 3*m - 6*m. Calculate the highest common divisor of 12 and m.
12
Let p = 48 + -31. What is the highest common divisor of p and 17?
17
Suppose 17*h - 2142 = -306. Calculate the highest common divisor of h and 36.
36
Let q(z) = -2*z - 2. Let l be q(-8). Let b be (60/l)/((-2)/(-14)). Calculate the greatest common factor of b and 12.
6
Suppose 3*b = -0*b + 18. Calculate the highest common factor of b and 54.
6
Suppose -10 - 4 = -2*w. What is the greatest common factor of 28 and w?
7
Let v = 111 - 91. Calculate the highest common factor of 180 and v.
20
Let w be (-315)/(-5) - (4 + -2). Suppose h - 5*a - 4 = 0, -h = -5*h + 5*a + w. What is the highest common factor of h and 38?
19
Let i = -18 - -29. What is the highest common factor of i and 11?
11
Let b(j) = -7*j + 1. Suppose x + x - 1 = f, -3*x + 5 = -2*f. Let i be b(f). Calculate 